(1 + 4 - 6)*5021*-2. Let r = x - 4464. Is r composite?
True
Is 33/253 + (-267112512)/(-621) a prime number?
False
Let q be (-6)/33 - (-5 - (-78)/(-66)). Suppose q*t + 0*t = 145902. Is t prime?
True
Let s = -73 + 80. Suppose 2*y = 5*x + s*y - 27475, -3*y = -3*x + 16473. Is x prime?
False
Let b(f) = 82*f + 3. Let r be b(15). Suppose -1050 - r = -3*x. Let i = 2348 + x. Is i a composite number?
False
Let z = 181756 - -20275. Is z prime?
True
Suppose 3*p + 5*r - 51735 = 0, -2*p + 34490 = -9*r + 7*r. Suppose -16*x + 14*x = -3*v - 6891, 5*x - 4*v - p = 0. Is x prime?
False
Suppose y + 7*w + 16 = 2*w, -4*y + 5*w = -36. Let t be 2127/1*((-70)/15 - -5). Suppose -2*s = -s - 2*d - t, -5*d + 2888 = y*s. Is s a prime number?
False
Let f = 19 - 16. Suppose s = -2*i + 1827, 0*i - 2753 = -f*i - 4*s. Suppose -5*u + 984 = -i. Is u a composite number?
False
Suppose 0 = -2*c - 5*g + 38629, -c + 5*g + 57881 = 2*c. Let f = 31103 - c. Is f a prime number?
True
Suppose 4*g + 2306 + 9402 = 4*q, -6 = -2*g. Suppose -1172 = -2*s - 5*t, -2*s - 3*t + q = 3*s. Is s composite?
True
Let d(c) be the first derivative of 52*c**3/3 + 2*c**2 + 17*c - 49. Is d(5) prime?
False
Let f be (-2)/4 + (-296)/(-16). Suppose -p + f = 2*p - t, 0 = 2*t + 6. Suppose 4*c = p*i - 3147, -2*i + i = 2*c - 635. Is i a composite number?
False
Let l(z) = 2301*z**2 + 158*z - 2. Is l(7) composite?
True
Let y(r) = -2*r + 12. Let c be y(0). Let i be (c/9 - 1)/(3/54). Suppose 3291 = -i*g + 9*g. Is g a prime number?
True
Suppose 5*a + 18 = 11*a. Let m = 682 + a. Is m prime?
False
Suppose -4*l = -2*k + 2, -2*k + 5 = 16*l - 17*l. Suppose -k*y - 3 = 0, 3*y = -8*b + 7*b + 17684. Is b a composite number?
True
Let l = -16132 + 34433. Is l a prime number?
True
Suppose 11861180 - 45450396 = -32*p. Is p composite?
False
Suppose 4*j - 63 - 1 = -w, 256 = 4*w - 5*j. Suppose 0 = w*q - 53*q - 121627. Is q composite?
False
Is (-745909140)/(-6240) - 2/(-13) - 2/(-16) a prime number?
False
Let t = 231 - 113. Suppose -x = x + 566. Let w = t - x. Is w a prime number?
True
Let o(t) be the second derivative of -53*t**5/20 + t**4/3 - 3*t**3/2 - 9*t**2/2 - 44*t + 3. Is o(-5) a composite number?
False
Let s = 359456 + -197049. Is s a prime number?
False
Suppose -621650 + 41814 = -17*r. Let i = r - 16471. Is i composite?
True
Let r(t) = 12*t**2 - 10*t - 27. Let i be 126/16 + 9/72. Let m = -15 + i. Is r(m) composite?
False
Suppose -5*q = -4*q - 27. Suppose 23*x + 3996 = q*x. Suppose v - x = 134. Is v a prime number?
False
Let n = -13 + 2. Let z(r) = -34*r - 7. Let y be z(n). Let q = y + -60. Is q a composite number?
False
Let x be 1*(0 + 9 - 4). Suppose -x*v = -5*z + 15160, -4*v - 5407 = -5*z + 6722. Is (3 - (-41)/(-13)) + v/(-13) composite?
False
Let p(r) = 95*r + 4348. Is p(127) a composite number?
True
Suppose 984861 - 86784 = 37*h - 10340636. Is h a prime number?
True
Let c(g) be the second derivative of -19*g**3/6 + 23*g**2 + g + 51. Let p be 24/(-3 - (-2 - 0)). Is c(p) a composite number?
True
Let f(m) = -m**2 + 133 + 265 - 91 + m. Let b be 11 - (-7)/(49/(-77)). Is f(b) composite?
False
Suppose 2*h = -2*h - 5*c + 2587301, 0 = 2*c + 6. Is h prime?
False
Let h(d) = d**3 + 254. Let x be h(0). Let p = 221 + -348. Let t = x + p. Is t composite?
False
Suppose -60*a + 39*a + 508764 = -122475. Is a a prime number?
True
Let s = 52994 - -9382. Let v = s - 42853. Is v prime?
False
Let x(q) = -12*q**3 + q**2 - 5*q - 5. Let t be x(-4). Let a be (4 - -1) + -1 + t. Suppose 0*u + 5*k = 2*u - a, 0 = -5*k + 15. Is u a composite number?
False
Let w(c) be the second derivative of -357*c**5/4 - c**4/12 + 2*c**3/3 - c**2/2 + 35*c + 2. Is w(-2) a prime number?
False
Let a(z) = 2758 - 14*z**2 + 4*z - 10*z - 2751 - 3*z**3. Is a(-6) a prime number?
False
Suppose 0*t - 12*t = -222720. Suppose 3*c + 15*s = 14*s + t, 2*c - s = 12375. Is c a prime number?
False
Suppose -2 = 153*v - 149*v + 2*a, v + 2*a - 4 = 0. Let l = -2 - -4. Is 3795/6 - (7/l + v) a prime number?
True
Let n(o) = 4*o**2 + 78*o + 35. Let l be n(-19). Is (809040/160)/(l/(-2)) composite?
False
Let u(j) = -14*j**2 - 103*j - 30. Let i be u(-7). Let d = 25 - 0. Suppose -i*k + 1245 = 5*w - 0*w, -d = 5*k. Is w a prime number?
False
Let u = -28 + 65. Let b = 39 - u. Suppose b*p + 0*p - 422 = 0. Is p a prime number?
True
Let a(x) = 21453*x - 92. Is a(31) prime?
False
Is 136/102 + 2/(30/2346175) a prime number?
False
Suppose 8 = -7*i - 20. Is 2/((-8)/i) + 134010/15 prime?
False
Suppose -7*c + 2*c - 4*i = -127, -2*i - 17 = -c. Is -4 + (11038/4)/(c/46) a composite number?
True
Suppose -13*u + 32 + 59 = 0. Is ((u - 2) + 13542/12)*2 a prime number?
True
Let s(x) = -22*x**3 + x**2 - 22*x + 18. Let w be s(7). Let y = w + 13570. Is y a composite number?
True
Let t(m) = 3*m**2 - 10*m - 10. Let z(i) = -i**2 - 2*i. Let j(o) = t(o) + 4*z(o). Is j(-11) composite?
False
Let n be 22/99 - (-20120)/18. Let m(u) = -21*u**2 - 7*u + 5. Let t be m(5). Let s = t + n. Is s composite?
False
Is (8/14 - 9087819/819)/((-8)/24) a prime number?
True
Suppose 2*a + 886*l - 890*l = 166842, 0 = -2*a + 5*l + 166834. Is a composite?
False
Is -21*((-46568)/12 + (-7 - (-14)/7)) a prime number?
False
Suppose -f + 15 = 4*f. Suppose -1189 = f*a - 4*j, 3*j + 2030 = -5*a - 0*a. Let s = a - -668. Is s prime?
False
Suppose -5*r + 5*o - 1825 = 0, 8*r - o = 11*r + 1115. Let k = -1841 - -3100. Let u = k + r. Is u a prime number?
False
Is 8534014/8 - (-1895)/1516 a prime number?
True
Let g(w) = -5*w**3 - 4*w**2 + 6*w + 97. Is g(-10) a prime number?
True
Suppose -s - 14 = -17. Suppose -b = -s*w + 5, 6*b = -2*w + 3*b + 7. Suppose -3303 = -w*c - 7*c. Is c composite?
False
Suppose -5*z + 4*j = -47, -4*j = -4*z + 27 + 13. Suppose 4*u + 9129 = z*u. Is u a composite number?
True
Let l = -158 - -166. Is 6/l - (-2)/((-40)/(-6325)) composite?
False
Let f = 13471 - -209296. Is f composite?
True
Is (24/(-14))/2 + 57176118/1134 composite?
True
Is (-448)/2912 - 1680993/(-13) composite?
True
Is (1 + -2)/6 + 3115805/66 prime?
False
Let d(b) = 3*b**3 + 9*b**2 + 2*b + 6. Let u be d(-3). Suppose -205 = -5*k - 5*t, -1 - 3 = -t. Suppose -a + 5*w - 9 = 0, u*w = -3*a - w + k. Is a a prime number?
True
Suppose -36 = -3*u - 12. Let l(s) = s**2 + 8*s - 50. Let f be l(u). Let v = 79 + f. Is v a prime number?
True
Let c(t) = -5*t**3 - 11*t**2 - 2*t - 16. Let s be c(-7). Is ((-6)/4)/(1 - 1175/s) composite?
True
Let y(d) = -175*d - 68. Let i be y(3). Suppose a + 1287 = 2*u + 3*u, 3*u = -4*a - 5079. Let z = i - a. Is z prime?
False
Let o = 5 - -3. Let r(a) = 216*a + 52. Let l be r(o). Suppose l = 8*j - 4*j. Is j composite?
True
Let n(i) = -i**2 + 1. Let q(s) = 124*s**2 - 8*s + 19. Let x(a) = -5*n(a) + q(a). Let r(y) = 593*y + 2970. Let u be r(-5). Is x(u) a prime number?
False
Is (15 + -11 - 3)*2*(-2732)/(-8) composite?
False
Suppose -5*q - 3*c - 735 = 0, 108 + 46 = -q - 2*c. Let p = q - -260. Suppose 0 = -3*b + 2147 - p. Is b prime?
True
Let p(c) = 3221*c**2 + 72*c + 9. Is p(-4) a prime number?
True
Suppose -73*p + 314481985 - 50709437 = 355*p. Is p a composite number?
True
Let i(t) = t**2 - 14*t. Let r be i(14). Suppose -4*f - 5*d - 11 - 21 = r, -4*f = d + 16. Is -317*(f + 10/5) a prime number?
True
Suppose -5*p = 3*f - 765, 0*p + p - 3*f - 153 = 0. Suppose 5*n - o - p = 0, n = 5*o + 22 - 1. Is n prime?
True
Let z = 136650 - 71989. Is z prime?
True
Suppose -32049194 - 50629151 = -205*j. Is j prime?
True
Suppose 0 = -4*o - 0*t + 2*t - 1460, -4*o + 5*t - 1454 = 0. Let b = 127 - o. Is b prime?
False
Let i = -63490 - -414899. Is i composite?
True
Suppose -205*q + 66*q + 148595309 = 0. Is q composite?
False
Suppose 2*n = -2*a + 143922, 5*n = 4*a - 234730 - 53078. Is a composite?
True
Suppose -5*f + 22195 = -5*b, 9809 = 3*f - b - 3512. Is f a prime number?
True
Suppose 58*z - 273185 = -3*h + 62*z, -2*h - z = -182105. Is h a composite number?
True
Suppose 0 = -4*s - 5*b + 20, -4*b + 25 = -0*s + 5*s. Suppose 8*u - 13*u = 2*d - 45163, 5*u - s*d = 45135. Is u prime?
False
Let m(k) = k**3 - 8*k**2 + 12*k + 13. Let r be m(5). Is (0 + r - -3391) + 0 composite?
False
Let m = 4803 - 12258. Let c = m - -13078. Is c a composite number?
False
Let x = -683 + 684. Let y = -3 + 0. Is x - -22*(y - -6) composite?
False
Suppose f = 2*z + 152, 0 = -4*z - 2*f + 3*f - 304. Let d be z/((14/(-2373))